 common divisor of 10 and v?
5
Suppose -8*l = -11*l + 75. Let w(v) = -v**3 - 7*v**2 + v - 3. Let z be w(-7). Let k be (-396)/(-8) + (-5)/z. What is the greatest common divisor of l and k?
25
Let d(c) = 108*c + 3450. Let p be d(-28). What is the highest common divisor of p and 6?
6
Let a = 450 + -428. What is the greatest common divisor of a and 6?
2
Let h be 12/(-90) - (-3 - 174162/90). What is the greatest common factor of h and 510?
102
Let q = 40 - 28. Suppose 4*w = y - q, -5*y = -w + 2*w - 102. Let s(k) = -4*k. Let b be s(-5). Calculate the highest common divisor of y and b.
20
Suppose 9*q + 12*q - 475 + 160 = 0. What is the greatest common factor of 12 and q?
3
Let g be (8*940/(-240))/(2/(-96)). What is the highest common divisor of g and 96?
32
Let i = 2136 + -1728. What is the greatest common divisor of 24 and i?
24
Let c be (-1 + 39)/((-2)/(-3)). What is the highest common divisor of 27 and c?
3
Let a(q) = 253*q**3 + q - 2. Let z be a(1). Let x be ((-12)/(-14))/(2/z). Suppose 105*k - 48 = 101*k. What is the greatest common divisor of k and x?
12
Let x be (-27)/(-18) - 5187/(-6). Let m = -360 + x. Calculate the highest common divisor of 46 and m.
46
Let g(p) = -10*p + 95. Let r be g(9). Suppose 4*z - 12 = -z + 4*b, 0 = -r*z + 3*b + 14. What is the greatest common divisor of z and 68?
4
Let q be 6/(-1) - 2 - -6. Let d be q/(-7) - 10/35 - -48. Calculate the greatest common factor of d and 54.
6
Let t be (212/(-265))/((-2)/36305). Calculate the greatest common factor of t and 106.
106
Suppose 181*n - 3744 = 64*n. What is the highest common divisor of n and 27872?
32
Let j be -6*(2/6)/(3/(-6)). Suppose 0 = -j*l - 3*y + 26, -5*l - 5*y + 0 = -35. Let g = 33 + -13. Calculate the highest common factor of l and g.
5
Let d(s) = -105*s - 65. Let c be d(-5). Suppose -3*w - 5*a + 59 = 0, 36*w - 39*w = -2*a - 73. Calculate the highest common factor of w and c.
23
Let t = -376 - -424. What is the highest common divisor of 15 and t?
3
Suppose -17*v - 4*x - 472 = -19*v, -3*v - 3*x = -753. What is the highest common factor of v and 6?
6
Suppose 35*f - 38*f + 405 = 0. Let r = -291 + 306. What is the greatest common divisor of r and f?
15
Let a = 164 + -150. Suppose 0 = -3*h + 5*z + 199, 3*z = -2*h + 125 - 5. What is the greatest common factor of a and h?
7
Let z = 47 + -28. Let x be ((-24)/20)/((-9)/(-60)). Let w = x + z. Calculate the highest common factor of w and 55.
11
Let p be 43/5 + (4/(-14))/(325/(-455)). What is the greatest common factor of 1017 and p?
9
Suppose s - 47 = 13. Suppose -s*a = -64*a + 136. What is the greatest common factor of a and 136?
34
Let c be 31/((-310)/360)*-35. What is the highest common divisor of 1036 and c?
28
Let m be (6/4)/(546/288652). Calculate the highest common factor of m and 26.
13
Let b(d) be the third derivative of d**4/3 + 121*d**3/6 + 76*d**2. Let t be b(-12). Calculate the greatest common factor of t and 25.
25
Let t = -34 - 203. Let o = -169 - t. What is the greatest common divisor of o and 153?
17
Suppose 2*z - 5*z = -144. Suppose -3*x + x + z = 0. Let t be (4*8/(-28))/(222/(-2331)). Calculate the greatest common divisor of x and t.
12
Let o(z) = 71*z - 599. Let c(x) = 24*x - 199. Let k(h) = -11*c(h) + 4*o(h). Let j be k(18). What is the highest common factor of j and 204?
51
Let s(a) = 14*a**2 + a. Let i be s(-2). Let m = -218 - -416. Calculate the highest common divisor of i and m.
18
Let n(i) = 3*i**2 + 4*i. Let d be n(-3). Let p be (-6)/d - (-36)/15. Let v = -1169 + 1171. What is the highest common divisor of p and v?
2
Let c(w) = 5*w - 9 + 6*w - 6*w. Let j be c(6). Suppose -4*f - 8 = 0, -3*v - f - f = -17. What is the highest common divisor of v and j?
7
Let x = -170 + 482. Suppose 3*y + 120 = x. Suppose -u + 0*j = -j - 23, 2*u + 4*j - y = 0. What is the greatest common divisor of u and 78?
26
Let h(j) be the third derivative of -5*j**4/24 + 17*j**3/2 + 103*j**2 - j. Let v be h(6). Calculate the highest common divisor of v and 777.
21
Let l = 1092 + -1049. What is the greatest common divisor of 1376 and l?
43
Let r be ((3/30)/(34/44540))/(1/24). What is the highest common divisor of 72 and r?
24
Let x = 16776 - 16456. What is the greatest common divisor of 1000 and x?
40
Let r = -41 + 45. Suppose 14 = 2*h - 0*h. Let b be 5/((140/8)/h). Calculate the highest common divisor of b and r.
2
Let g be 59 + 2 - (5 + 0). Suppose 20*w - 168 = 17*w. Calculate the highest common divisor of g and w.
56
Let l be ((-1)/5 - (-536)/5)*1. What is the greatest common divisor of l and 4280?
107
Let j be (956*(-66)/(-168) - -7) + (-6)/(-14). Calculate the highest common divisor of j and 1.
1
Let c = 47 + -44. Let r be ((-2)/c)/((-4)/30). Let p be 9 - -3 - 5/r. What is the greatest common factor of p and 99?
11
Suppose 2*d = -5*u + 28, 0*d + 3*u = 5*d - 70. Let t be 3/(-4) - 14/(280/8805). Let m = t - -462. Calculate the highest common factor of m and d.
7
Let v = 18631 + -18451. What is the highest common factor of 10680 and v?
60
Suppose -5*j = 5*m + 5, -m + 4*j + 18 = 2*m. Let v = -1 + m. Let q be 17/595*-21 - (-18)/5. What is the highest common divisor of v and q?
1
Let j(v) = -14*v + 577. Let c be j(23). Calculate the highest common factor of 357 and c.
51
Suppose -447 = -5*g - 117. Let q(w) = 145*w + 6279. Let u be q(-43). What is the highest common factor of u and g?
22
Let q = -7214 + 8735. Calculate the greatest common factor of 1183 and q.
169
Let w be (-3 - -17) + -2 + -2. Suppose -6*k + 644 = 176. Suppose k = 6*g - 12. What is the greatest common divisor of g and w?
5
Let o = 20 + 4. Let k = 151 - 135. Suppose 4*f = -k, -z - 2*f = -2*z + o. What is the greatest common factor of 40 and z?
8
Let b be -7*-3*(-18)/(-21). Let f(q) = -q**3 + 20*q**2 - 15*q - 46. Let i be f(19). Let k be 10*(2 - i/(-12)). What is the greatest common factor of b and k?
9
Let k = 94 + -84. Suppose k*i + 7*i - 5525 = 0. Calculate the greatest common divisor of i and 13.
13
Let b(u) = -4*u**2 - u - 1. Let d be b(-1). Let q be ((-16)/(-4))/d - -177. Suppose 2 = -4*p + 90. Calculate the greatest common divisor of p and q.
22
Suppose -27*t + 92*t - 29*t - 216 = 0. Calculate the greatest common divisor of 73 and t.
1
Let c(p) = -p + 9. Let k(t) = -1. Let x(d) = c(d) + 2*k(d). Let w be (-3)/7 + 93/21. Let l be x(w). What is the highest common factor of 3 and l?
3
Suppose -u = 3*y - 19 + 3, -3*y = -2*u - 4. Suppose 2*b - 3*h = 543, -3*b = -u*h - 853 + 41. Calculate the highest common factor of b and 120.
24
Let k be ((-75)/60 - 3/(-12))*(-34 + 2). Calculate the greatest common factor of 11 and k.
1
Let y(l) = -l**3 + 11*l**2 + 20*l - 10. Suppose 7*g - 26 = 65. Let f be y(g). Let c = 102 - f. Calculate the highest common divisor of c and 76.
38
Let l(p) = -p**3 + 14*p**2 + 14*p - 66. Let y be l(16). Let n = y + 1970. Calculate the highest common divisor of 101 and n.
101
Let l be (36*2/(-14))/((-12)/448). What is the greatest common divisor of 5856 and l?
96
Let f(g) = g**2 + g. Let z(s) = -5*s**2 - 10*s + 42. Let r(b) = -4*f(b) - z(b). Let p be r(6). What is the highest common divisor of 190 and p?
10
Suppose 52 = 2*d + 2*r, 0 = -5*d - r + 165 - 55. Suppose 0 = 5*n + 5*u - 562 + 37, -n + 105 = 4*u. What is the highest common factor of n and d?
21
Let p be (6 - (0 + 0))/(12/8). Let f = p - 0. Let y(d) = 2*d**2 - 7*d + 6. Let a be y(4). Calculate the highest common factor of a and f.
2
Suppose 10*c - 11*c - 4*w + 144 = 0, -686 = -5*c - 3*w. Let t = c + -128. What is the greatest common factor of 20 and t?
4
Let t(d) = -63*d + 81. Let k be t(1). What is the greatest common divisor of 8226 and k?
18
Let t be (-9)/4*(-56)/(-2). Let k = 98 + t. Suppose k = 4*x + o - 66, x = o + 29. What is the highest common factor of x and 130?
26
Suppose -2*n = -2*m - 10, -2*n + m = -3*n + 5. Suppose 4*w + 3*q = 441, 317 = n*w + 5*q - 238. What is the highest common factor of 27 and w?
27
Suppose -91*w - 648 = 36*w - 307226. What is the greatest common divisor of w and 994?
142
Suppose 2*y = g - 497, g - 4*y + 1501 = 4*g. Let s = 520 - g. Let m be (6/(-8))/((-5)/280). Calculate the highest common divisor of s and m.
21
Let c(q) = -q**3 - 5*q**2 + 5*q + 2. Let i be c(-6). Let w(m) = 31*m - 37. Suppose 5*u + 32 = 47. Let p be w(u). Calculate the highest common fa